+ 2. Let i be v(-3). Let k be i/4*8/10. Suppose 57 = 5*l + 2*c, 2*l + 2*c - k = 8. What are the prime factors of l?
13
Let p(l) = -l**3 - 10*l**2 - 9*l + 1. Let h be p(-9). What are the prime factors of h/1*(-66)/(-2)?
3, 11
Let h be 4/(-4 - -6) + 0. Suppose 0 = -h*p - 3*p + 185. What are the prime factors of p?
37
Let q(w) be the third derivative of -1/12*w**4 - 7/6*w**3 + 0 + 2*w**2 + 0*w. What are the prime factors of q(-6)?
5
Suppose 0 = 4*z - 10 - 14. Suppose 0 = 4*x - 30 - z. What are the prime factors of x?
3
Let j = 554 + -372. List the prime factors of j.
2, 7, 13
Let v(f) = 5 - 2*f + 0*f - 11. Let p be v(-5). List the prime factors of 14/p + (-5)/10.
3
What are the prime factors of ((-28)/(-3) + 2)*3?
2, 17
Suppose 2*x = -5*k - 2 + 3, 2*x + 3 = -k. What are the prime factors of ((-4)/(-10))/(k/55)?
2, 11
Let t = 287 + -165. Let y = -79 + t. List the prime factors of y.
43
Let y be 1*(-3 + 0) - -1. What are the prime factors of 7/3*(-6)/y?
7
Let s(k) = 3*k**3 - 2*k**2 - 4*k - 1. What are the prime factors of s(3)?
2, 5
List the prime factors of 2*3/15*270.
2, 3
Let p(s) = -6*s - 4. Suppose -5*o - 9 = 16. List the prime factors of p(o).
2, 13
Let u(o) = -o**2 - 12*o + 8. What are the prime factors of u(-7)?
43
Suppose -36 = -v - 2*v. Suppose -3*l + v = -0*l. List the prime factors of l.
2
Suppose 3*j = -z - 10, -5*j - 33 = -2*z + 2. Suppose 3*v = -2*v - 20. List the prime factors of j/((v/3)/4).
3, 5
Suppose d = -4*q - 4*d + 734, 3*q = 2*d + 562. What are the prime factors of q?
2, 3, 31
Suppose 2*s = 4*s + 48. What are the prime factors of 1/8 - 477/s?
2, 5
Let n be (32/6 + -4)*3. Suppose -50 = -a - n*a. What are the prime factors of a?
2, 5
Suppose 80*m - 423 = 77*m. What are the prime factors of m?
3, 47
Suppose 0 = -q - 2*q - 21. Let h = q + 2. What are the prime factors of (h/(-15))/(1/9)?
3
Let v(n) = -n**2 - 14*n - 9. Let m be v(-10). Suppose -11 - m = -2*a. List the prime factors of a.
3, 7
Let d(s) = -s**2 - 7*s - 4. Suppose -15 = 5*c, c = b + b + 9. Let r be d(b). Suppose -3*m = -23 + r. What are the prime factors of m?
7
Let c be ((-20)/7)/((-2)/7). Let q = c - 0. List the prime factors of q.
2, 5
Let f(c) = 6*c**2 - 2*c + 1. Let m be f(1). Suppose l + 12 = 7*l. Suppose m*j = 3*a - 24, -2*j - 16 = -l*a - 3*j. List the prime factors of a.
2
Suppose 3*b + 3 = 3*v + 6*b, 11 = 5*v + 2*b. Let p(y) = y**2 - 2*y + 1. Let s be p(4). Suppose -s = -2*d - 4*o - o, d = -v*o + 5. List the prime factors of d.
2
Suppose 5*n + 5 = -2*p, -p - 2*n = n + 4. List the prime factors of 190/25 + 2/p.
2
Let l be 3/2*(-40)/(-15). Let h be (-10)/l*(-16)/10. Suppose -h = -2*y + 16. What are the prime factors of y?
2, 5
List the prime factors of ((-3657)/92)/((-3)/8).
2, 53
Let b be (-386)/(-4) - (-3)/6. Suppose -4*x + 2*n - 7 = -b, 4*n = 4*x - 84. Suppose -2*j = 2*h + j - x, h - 12 = j. List the prime factors of h.
2, 3
Let n(b) = 4*b**2 + 9*b + 19. What are the prime factors of n(-6)?
109
Let v(y) = -y**3 - 5*y**2 + y. Let k be v(-5). Let r = k - -10. What are the prime factors of r?
5
Let i = 93 - 0. List the prime factors of i.
3, 31
Let o(u) = 81*u**2 - 1. Let i be o(-1). Suppose 0*n = 4*n + i. What are the prime factors of (3/6)/((-2)/n)?
5
Let h(l) = 6*l + 2*l**2 + 0 - 2 - 3*l**2. List the prime factors of h(4).
2, 3
Let y be (-39)/(-4) + (-5)/(-20). Let k = -21 + 35. Let c = k - y. What are the prime factors of c?
2
Suppose 0 = 2*a - i + 31 - 116, -5*a + 5*i + 220 = 0. List the prime factors of a.
41
Let y = -1 - -3. What are the prime factors of y?
2
Suppose -4*o = y - o - 90, -3*o = -9. What are the prime factors of y?
3
Suppose 0*j - 6 = -3*j. Suppose 27 = s + j*s - 4*q, -4*q - 2 = 2*s. What are the prime factors of s?
5
Suppose p - 4*p = 3. Let q be p - -1 - (0 - 3). Suppose 4*j - c = 50, 4*j = -q*c - 2*c + 62. List the prime factors of j.
13
Let j = -149 - -275. What are the prime factors of j?
2, 3, 7
Let r = -2 + -3. Let z(n) = n**3 + 6*n**2 + 2*n + 5. List the prime factors of z(r).
2, 5
Suppose 3*f - 10 = -2*p - 3, -2*f + 3*p = -9. Suppose -3*i = -4*i - 2. Let w = f - i. What are the prime factors of w?
5
Suppose -v + 0*v = -5*z - 2, -5*v + 3*z + 10 = 0. Let d be (27/(-4))/((-12)/32). What are the prime factors of (6/6)/(v/d)?
3
Suppose 4*k = -5*w + 1053, 4*w = -0*k + k + 855. What are the prime factors of w?
3, 71
Suppose -k - 2 = -2*k. Suppose z - o - 6 = 0, -k*z - 3*z - 4*o = -66. Suppose -2*n - 5*q + 4 + z = 0, 32 = 3*n + 2*q. What are the prime factors of n?
2, 3
Suppose 5 = 3*g - 7. Suppose -3*q + g*v = -91, q - 54 = -q - 4*v. What are the prime factors of q?
29
Suppose -5*q = -4*s - 60, 28 = q - s - 3*s. Let n = 4 - q. What are the prime factors of (-26)/n + 1/(-2)?
2, 3
Let k(l) = l**3. Let f be k(0). Suppose f = 4*p - 7 - 13. Let q(n) = n**2 - 3*n - 5. What are the prime factors of q(p)?
5
Suppose t + 3 = 2*t. Let f = t - 3. Suppose -2*v + 6*v - 24 = f. List the prime factors of v.
2, 3
Suppose 1455 = 5*r + 315. What are the prime factors of r?
2, 3, 19
Let i(x) = x**2 - 4*x + 3. Let n be i(3). Let l(y) = 2*y**2 + y + 9. What are the prime factors of l(n)?
3
Let y = -9 + 45. List the prime factors of y.
2, 3
Let k(g) = 2*g - 4. Let n be k(10). Suppose 16 = w - 5*z, -2*w = 4*z - 2 - n. What are the prime factors of w?
11
Let t = 81 - 52. List the prime factors of t.
29
Let o(l) = -3*l**2 - 2*l - 1. Let y(f) = -3*f**2 - 3*f - 1. Let x(p) = -3*o(p) + 2*y(p). List the prime factors of x(2).
13
Suppose -8*b + 161 = -727. List the prime factors of b.
3, 37
Let t(l) = -l**2 + 10*l - 6. Let u be t(9). Suppose u*m - 53 = -20. What are the prime factors of m?
11
Suppose a - 2*t - 25 = 3*t, -3*a - 2*t = -7. Suppose -a*k - 2*h + 7 = 0, h = -5*k - 0*h + 11. List the prime factors of k.
3
Let r(z) = -z**3 - 13*z**2 - 11*z + 11. Let w be r(-12). Let u = w + 10. List the prime factors of u.
3
Let o = -11 - -18. Suppose 8 = -t + 2*m, -t - 4*m - o - 19 = 0. What are the prime factors of (t/8)/((-2)/8)?
7
Let i(w) = w + 2*w + w**2 + 7*w - 1 + 2. Let v be i(-9). Let m = 15 + v. What are the prime factors of m?
7
Let z(o) = -3*o + 6. Let u be z(-6). Let c = 49 - u. What are the prime factors of c?
5
Suppose 3*p + 78 = p. Let k be p/(-15) - (-2)/5. What are the prime factors of (2 - (-60)/k)/2?
11
Let k = -2 - -1. List the prime factors of 15 - k*(-1 - -2).
2
Let o be (-784)/(-126) - (-2)/(-9). List the prime factors of 6/(-2) - (-216)/o.
3, 11
Suppose 34 - 82 = -3*n. Suppose -2*u = -0*u - n. What are the prime factors of u?
2
Let r = -955 + 1370. What are the prime factors of r?
5, 83
Let k be (6/(-15))/((-2)/(-30)). Let b be (-60)/(-8) - k/(-4). Let r(o) = o**2 - 3*o - 8. List the prime factors of r(b).
2, 5
Suppose 0 = 3*p - p - 24. Suppose 4*k - p = k. What are the prime factors of k?
2
Let l be 0 + -7 + -1 + -1. Let c = -19 + 6. Let o = l - c. List the prime factors of o.
2
Suppose 5*s - 1 - 16 = -3*c, -9 = -2*s + c. Suppose 2*b = -4*m + 16, 0 = s*b - 3*m + 4*m - 46. List the prime factors of b.
2, 3
Let j(w) = -w**3 + 2*w**2 - w - 3. Let b be j(3). Let c = -8 - b. List the prime factors of c + 4*(-1)/(-2).
3
Suppose 2*p - 5*p = -5*q + 185, 0 = -4*q - p + 165. Let z = -21 + q. List the prime factors of z.
19
Suppose 0*d + 5*d = 5*l + 250, -3*d + 4*l = -146. What are the prime factors of d?
2, 3
Let h be (36/42)/(1/7). What are the prime factors of (3/h)/((-2)/(-80))?
2, 5
Let p(s) be the first derivative of -3 - 4*s + 1/2*s**2. What are the prime factors of p(6)?
2
Let b = 18 + 10. What are the prime factors of b?
2, 7
What are the prime factors of (168/30)/((-2)/(-100))?
2, 5, 7
Suppose -b = 4*d - 89, 6*b = 2*b - 12. List the prime factors of d.
23
Let o(h) = h**2 + 8*h + 2. Let c be o(-8). Suppose 0 = 3*y + c*y - 190. List the prime factors of y.
2, 19
List the prime factors of 36*(-6)/((-96)/20).
3, 5
Suppose 29 = 2*s - 3*r - 70, -5*s + 220 = -2*r. What are the prime factors of s?
2, 3, 7
Let n(t) = t**3 + 5*t**2 - 6*t + 1. Let y be n(-6). Let s = y + -1. Let g = s - -6. What are the prime factors of g?
2, 3
Let g = 231 - 97. What are the prime factors of g?
2, 67
Let l = -59 + 112. What are the prime factors of l?
53
What are the prime factors of (18/(-4))/((-3)/4)?
2, 3
Let s(j) = j**2 + 4*j. Let d be (3/(-6))/((-2)/96). Suppose 0 = 